= -5*d + 4*j, -19*d = -23*d - 4*j + 3056. What is the hundreds digit of d?
7
Let w be (5/(-3))/(28/(-16716)). Let d = w + -426. What is the units digit of d?
9
Let u = -136 - -101. What is the hundreds digit of (-2 + -3)*(6 - (-1428)/u)?
1
Let g(r) be the second derivative of r**4/6 - 7*r**3/3 + 11*r**2 - 5*r. Let b be g(8). Suppose b = 2*y - 70. What is the units digit of y?
4
Suppose -4*m + 94590 = 38622. What is the hundreds digit of m?
9
Let c be (-75)/(-9) - (-5)/((-45)/(-6)). Let i be (-6)/(-27) - (-745)/c. What is the units digit of (i + -2)*(2/(-2) + 2)?
1
Suppose -h + a = -16 + 451, 2*a = -5*h - 2210. What is the units digit of h/(-6)*(0/(-1) - -3)?
0
Let f(j) be the first derivative of j**6/180 + j**5/12 + j**4/24 + 4*j**3 + 3. Let p(q) be the third derivative of f(q). What is the units digit of p(-8)?
9
Suppose -4*s - 103278 = -5*j, -4*j + s + 75963 + 6666 = 0. What is the units digit of j?
8
Suppose 43*a - 107030 = 121128. What is the units digit of a?
6
Let d be ((32/(-10))/(-4))/((-10)/(-25)). What is the tens digit of ((-205)/(-123))/(d/180)?
5
Let l(k) = -1600*k - 3379. What is the hundreds digit of l(-28)?
4
Suppose -2*x = -x - 2*p - 3127, 5*x = -2*p + 15659. What is the units digit of x?
1
Suppose 2*y + 5*m - 209 = 0, -4*y + 151 = -m - 256. Suppose -4*l = -l - y. What is the tens digit of -3 + 4 + (-10)/(-4)*l?
8
Let m(p) = -p**3 - 4*p**2 + 15*p - 13. Let f be m(7). What is the units digit of (-2)/4*1*(f + 5)?
1
Let w be 1/((-1)/4) + 3*2. Suppose w*b = -2*u + 124, -5*u - 9*b + 337 = -13*b. What is the tens digit of u?
6
Let u(r) = -24 - 2*r + 26*r**2 - 38*r - 17*r**2. What is the units digit of u(14)?
0
What is the units digit of (-4 - (-1323)/(-12))/(18/(-504))?
9
Suppose 0 = -5*w - 3*u + 5, 0 = -4*w - 5*u + 11 + 6. Let r be (1/2 - 2)*w. Suppose -5*i + t = -474, -2 = r*t - 5. What is the tens digit of i?
9
Let u = 503 - 471. Suppose -u*b + 76*b - 63140 = 0. What is the thousands digit of b?
1
Let m(x) = -x**3 - 15*x**2 + 13*x - 42. Let v be m(-16). Let f(n) = 9 + 7 - v*n**2 + 17*n - 3*n**3 + 2*n**3 - 6. What is the units digit of f(-8)?
2
Let a(k) = 36*k - k**2 - 14 + 22*k**2 + 0*k**2 + 9. What is the hundreds digit of a(-7)?
7
What is the units digit of (-5 + 151991/35)/((-120)/25 - -5)?
8
Let a be 15/((-150)/(-26908))*(-10)/(-4). Suppose 7*p = 4655 + a. What is the tens digit of p?
2
Suppose 0 = 539*v - 497*v - 317730. What is the hundreds digit of v?
5
Let p be (-20)/(-150)*40 + (-1)/3. Suppose b - 702 = 2*d, p*b = -0*b - 3*d + 3445. What is the units digit of b?
2
Suppose -8885 = 2*i - 22*f + 21*f, -4*i = -3*f + 17767. What is the units digit of 1/2 - i/8?
6
Suppose 0 = 27*z - 29*z + 72. Let d be ((-1600)/z)/2 + 4/18. Let x = 40 + d. What is the tens digit of x?
1
Let v(a) = -5*a - 69. Let i be v(-13). What is the units digit of (-1516)/(-6)*i/(24/(-9))?
9
Suppose 19*j + 4*z - 1114 = 18*j, -3*j + 5*z = -3376. Let n = -663 + j. What is the hundreds digit of n?
4
Suppose 12*u + 1425 = 4905. Suppose 9*g - 250 = u. What is the tens digit of g?
6
Suppose -4*n + 3*n = -2*g - 24527, -3*n + 73582 = -5*g. What is the thousands digit of n?
4
Suppose -6 = 4*y - 22. Suppose 4*f = -5*t - f + 5845, -y*f = 3*t - 3508. What is the units digit of t?
8
Let h(p) = -11*p**2 - 21*p - 28. Let r be h(-8). Let c = 392 - r. What is the tens digit of c?
5
Suppose 0 = -4*q + 3*n + 19726, -2*q = 2*n + 3*n - 9902. What is the units digit of q?
6
What is the thousands digit of ((-4151)/7)/(6/(-30))?
2
Suppose 189 = -a - 739. Let v = a - -1890. What is the tens digit of v?
6
Let z = 835 - -291. Let l = z + -672. What is the hundreds digit of l?
4
Suppose -102*i + 554700 = -195*i + 113*i. What is the thousands digit of i?
7
Suppose -b + 6 = -0. Suppose 1318 + 2330 = b*r. What is the hundreds digit of r?
6
Let y be ((-339)/5)/((-65)/325). Let t = y + -244. What is the tens digit of t?
9
Suppose 6*d - 28 = -5*h + 3*d, -2*h = 5*d - 15. Suppose -6 - 19 = -h*v. Suppose 33 = v*x - 77. What is the tens digit of x?
2
Suppose 0 = -3*y - 10*w + 5*w - 22, 0 = 5*y + 3*w + 42. What is the units digit of 1/(y/5 + 2) - -481?
6
Let p(q) = 11*q**2 + 50*q + 63. Let v be (-13 + -5)/((-3)/(-2)). What is the units digit of p(v)?
7
Suppose -4*z = 617*n - 615*n - 183160, z + 4*n - 45790 = 0. What is the tens digit of z?
9
Let w = 17941 + -3677. What is the ten thousands digit of w?
1
Let z be (-3)/(-6) - (-55)/2. Let r = -166 + 156. Let p = z - r. What is the units digit of p?
8
Let r = 1104 + -639. Suppose -5*j = 2*b - r, 0 = -22*j + 18*j - 5*b + 355. What is the tens digit of j?
9
Suppose 10*u = 16*u - 12. Suppose 2020 = -7*j + u*j. Let n = 634 + j. What is the hundreds digit of n?
2
Let z(q) = 2*q + 26. Let a be z(-12). Let l(o) = 18*o**a + 1 - 12*o**2 + 3*o - 5*o + 0. What is the units digit of l(1)?
5
Suppose 29*u = 25*u - 332. Let s = u + 78. What is the units digit of (s + (-22)/(-4))*514?
7
What is the tens digit of 3395 + 1/((-2)/(-14))?
0
Suppose 0 = -3*f - f - 5*b + 971, -b = 5. Let u = 230 + f. What is the tens digit of u?
7
Suppose -19*t + 77460 - 1860 = 116*t. What is the hundreds digit of t?
5
What is the tens digit of 23309/26*(-992)/(-88)?
0
Let i = -312 + 341. Let v be 3 + (-1 - 2*-1). Suppose w + v*k = i, 0 = 3*w - w + k - 86. What is the tens digit of w?
4
Let a(h) = 4*h**2 + 9*h + 7. Let s = -84 - -78. What is the units digit of a(s)?
7
Let r be (-9)/((-15)/(-6) - 4). Suppose -r*a + 8489 = 7*a. Suppose 0 = -2*y - y - 3*c + 489, 3*c = -4*y + a. What is the units digit of y?
4
Suppose -2*l = -a + 239, 5*l + 87 - 1082 = -4*a. What is the units digit of a?
5
Let u(y) = -3*y - 14. Let a be u(-5). Suppose -8 - a = -9*p. What is the tens digit of (74 + 1)*(-2*p)/(-6)?
2
Let p(n) = -n**2 - 5 + 2 + 18*n + 0*n**2. Let a be p(6). Suppose -3*j + 14 = 3*q - 76, 4*j = 3*q - a. What is the tens digit of q?
2
Suppose -69*r + 554324 = 130457. What is the thousands digit of r?
6
Suppose 0 = -84*u + 77*u + 596848. What is the units digit of u?
4
Let t(m) = -4*m**3 - 8*m**2 + 17*m - 9. Let f be t(5). Let u = 1046 + f. What is the tens digit of u?
2
Let u be (-61 + 6)*42/231. Let j(c) be the third derivative of -c**4/24 - 4*c**3/3 + c**2. What is the units digit of j(u)?
2
Let d(m) = 479*m - 487. What is the thousands digit of d(13)?
5
Suppose -2*z + 21 = -1. Let j = 18 - z. What is the units digit of (-7)/(j/(-6)) + 0?
6
Let r = -210 - -408. Suppose -8*v = -11*v - r. Let u = 163 + v. What is the tens digit of u?
9
What is the units digit of -2 - -2441 - (-46 + 36)?
9
Suppose -954*g - 143548 = -957*g - 2*a, -3*a + 143541 = 3*g. What is the hundreds digit of g?
8
Let r be 8 - 3 - (-1 - (0 - 1)). Suppose -r*w + 1032 = -2*c + c, 3*w + 5*c = 636. What is the tens digit of (4*(w/6)/1)/2?
6
Suppose 2*h + 10 = 4*h - 5*a, -2*a = 5*h - 25. Let v(t) = 6*t**3 + 4*t**2 - 12*t - 2. What is the hundreds digit of v(h)?
7
Let n(k) = 674*k**2 + 139*k + 9. What is the tens digit of n(4)?
4
Let h(x) = 40*x**2 + 10*x + 4. What is the units digit of h(13)?
4
Let z(o) = -13*o + 4. Let x(p) = p + 1. Let y(v) = 6*x(v) + z(v). Let w be y(-3). Let j = w + -3. What is the units digit of j?
8
Let w be 4 + (-1)/((-1)/(-1)). Let d(u) = -9*u**3 - 2*u**2 - 10*u**3 + 21*u**3 + 0*u + 7 - w*u. What is the units digit of d(5)?
2
Let k be ((-15)/9)/(15/(-18)). Suppose 15 = 2*p + p - 2*j, k*j - 20 = -4*p. Suppose 17 = t + p. What is the tens digit of t?
1
Let i = 51 - -44. Let n = i - 90. What is the tens digit of 344*n/10 + -1?
7
Suppose -3*a + 759 = -357. Let v = 734 - a. Suppose 2*i + u = 182, -u = 4*i - 0*u - v. What is the tens digit of i?
9
Let y(u) = -3*u**3 + 2*u**2 + 5*u - 8. Let z be y(-5). Let i = z + 417. What is the units digit of i?
9
Suppose -12*s = -5*s - 14. Suppose -30 = -s*p + 32. What is the tens digit of p?
3
Let b(v) = 531*v**3 - 4 + 4*v - 3 - 6*v**2 - 13 - 519*v**3. What is the tens digit of b(3)?
6
Let b = 3506 - 2411. What is the units digit of b?
5
Suppose 0 = -g + 2*m + 1731, 4*g - 3*m - 7846 = -937. Let s = g + -1020. What is the tens digit of s?
0
Suppose 276*c - 6903 = 267*c. What is the units digit of c?
7
Let j be 5 + (-4)/(0 - 2). Let g(u) be the first derivative of -u**4/4 + 8*u**3/3 + 2*u**2 + 2*u - 3. What is the tens digit of g(j)?
7
What is the hundreds digit of 3 + 370